{"id":244878,"date":"2021-06-10T15:24:54","date_gmt":"2021-06-10T13:24:54","guid":{"rendered":"https:\/\/baptistecaron.fr\/?page_id=244878"},"modified":"2021-06-13T16:31:45","modified_gmt":"2021-06-13T14:31:45","slug":"cache-heritiers","status":"publish","type":"page","link":"https:\/\/baptistecaron.fr\/index.php\/cache-heritiers\/","title":{"rendered":"Cach\u00e9 H\u00e9ritiers"},"content":{"rendered":"<p>[et_pb_section fb_built=&#8221;1&#8243; _builder_version=&#8221;4.7.7&#8243; _module_preset=&#8221;default&#8221;][et_pb_row _builder_version=&#8221;4.7.7&#8243; _module_preset=&#8221;default&#8221; custom_margin=&#8221;3px|auto||auto||&#8221;][et_pb_column type=&#8221;4_4&#8243; _builder_version=&#8221;4.7.7&#8243; _module_preset=&#8221;default&#8221;][et_pb_text _builder_version=&#8221;4.7.7&#8243; _module_preset=&#8221;default&#8221; hover_enabled=&#8221;0&#8243; sticky_enabled=&#8221;0&#8243;]<\/p>\n<p style=\"text-align: center;\">Je suis sinc\u00e8rement d\u00e9sol\u00e9, l&#8217;enterrement a d\u00e9j\u00e0 eu lieu ! Mais peut-\u00eatre que ce sont ses cons\u00e9quences qui vous int\u00e9ressent ? L&#8217;histoire de la succession du p\u00e8re No\u00ebl ?\u00a0<span style=\"font-size: 14px;\">Si c&#8217;est le cas, laissez-moi vous raconter l&#8217;aventure de Marie No\u00ebl et Jean-Balthazar, <\/span><strong style=\"font-size: 14px;\">les H\u00e9ritiers de No\u00ebl<\/strong><span style=\"font-size: 14px;\">.\u00a0<\/span><span style=\"font-size: 14px;\">Plongez dans une histoire\u00a0<\/span><strong style=\"font-size: 14px;\">Fantastique, <\/strong><span style=\"font-size: 14px;\">qui (<\/span><span style=\"font-size: 14px;\">pour vous donner du contexte sur sa longueur et sans aucune arri\u00e8re-pens\u00e9e) s&#8217;\u00e9tendrait suffisamment pour donner un tr\u00e8s chouette <\/span><strong style=\"font-size: 14px;\">long-m\u00e9trage d&#8217;animation\u00a0<\/strong><span style=\"font-size: 14px;\">!\u00a0<\/span><\/p>\n<p style=\"text-align: center;\"><span style=\"font-size: 14px;\">Si vous aimez No\u00ebl, le m\u00e9lange de science et de magie et\u00a0les combats a\u00e9riens, apprenez en plus ici :<\/span><\/p>\n<p style=\"text-align: center;\"><span style=\"font-size: 14px;\"><strong>\u00a0<a href=\"https:\/\/baptistecaron.fr\/index.php\/les-heritiers-de-noel\/\">Les H\u00e9ritiers de No\u00ebl<\/a><\/strong><\/span><\/p>\n<p>[\/et_pb_text][\/et_pb_column][\/et_pb_row][\/et_pb_section]<\/p>\n","protected":false},"excerpt":{"rendered":"<p>[et_pb_section fb_built=&#8221;1&#8243; _builder_version=&#8221;4.7.7&#8243; _module_preset=&#8221;default&#8221;][et_pb_row _builder_version=&#8221;4.7.7&#8243; _module_preset=&#8221;default&#8221; custom_margin=&#8221;3px|auto||auto||&#8221;][et_pb_column type=&#8221;4_4&#8243; _builder_version=&#8221;4.7.7&#8243; _module_preset=&#8221;default&#8221;][et_pb_text _builder_version=&#8221;4.7.7&#8243; _module_preset=&#8221;default&#8221; hover_enabled=&#8221;0&#8243; sticky_enabled=&#8221;0&#8243;] Je suis sinc\u00e8rement d\u00e9sol\u00e9, l&#8217;enterrement a d\u00e9j\u00e0 eu lieu ! Mais peut-\u00eatre que ce sont ses cons\u00e9quences qui vous int\u00e9ressent ? L&#8217;histoire de la succession du p\u00e8re No\u00ebl ?\u00a0Si c&#8217;est le cas, laissez-moi vous raconter l&#8217;aventure de Marie No\u00ebl et Jean-Balthazar, [&hellip;]<\/p>\n","protected":false},"author":1,"featured_media":0,"parent":0,"menu_order":0,"comment_status":"closed","ping_status":"closed","template":"","meta":{"_et_pb_use_builder":"on","_et_pb_old_content":"","_et_gb_content_width":"","footnotes":""},"class_list":["post-244878","page","type-page","status-publish","hentry"],"yoast_head":"<!-- This site is optimized with the Yoast SEO plugin v24.6 - https:\/\/yoast.com\/wordpress\/plugins\/seo\/ -->\n<title>Cach\u00e9 H\u00e9ritiers - Baptiste Caron<\/title>\n<meta name=\"robots\" content=\"index, follow, max-snippet:-1, max-image-preview:large, max-video-preview:-1\" \/>\n<link rel=\"canonical\" href=\"https:\/\/baptistecaron.fr\/index.php\/cache-heritiers\/\" \/>\n<meta property=\"og:locale\" content=\"en_US\" \/>\n<meta property=\"og:type\" content=\"article\" \/>\n<meta property=\"og:title\" content=\"Cach\u00e9 H\u00e9ritiers - Baptiste Caron\" \/>\n<meta property=\"og:description\" content=\"[et_pb_section fb_built=&#8221;1&#8243; _builder_version=&#8221;4.7.7&#8243; _module_preset=&#8221;default&#8221;][et_pb_row _builder_version=&#8221;4.7.7&#8243; _module_preset=&#8221;default&#8221; custom_margin=&#8221;3px|auto||auto||&#8221;][et_pb_column type=&#8221;4_4&#8243; _builder_version=&#8221;4.7.7&#8243; _module_preset=&#8221;default&#8221;][et_pb_text _builder_version=&#8221;4.7.7&#8243; _module_preset=&#8221;default&#8221; hover_enabled=&#8221;0&#8243; sticky_enabled=&#8221;0&#8243;] Je suis sinc\u00e8rement d\u00e9sol\u00e9, l&#8217;enterrement a d\u00e9j\u00e0 eu lieu ! Mais peut-\u00eatre que ce sont ses cons\u00e9quences qui vous int\u00e9ressent ? L&#8217;histoire de la succession du p\u00e8re No\u00ebl ?\u00a0Si c&#8217;est le cas, laissez-moi vous raconter l&#8217;aventure de Marie No\u00ebl et Jean-Balthazar, [&hellip;]\" \/>\n<meta property=\"og:url\" content=\"https:\/\/baptistecaron.fr\/index.php\/cache-heritiers\/\" \/>\n<meta property=\"og:site_name\" content=\"Baptiste Caron\" \/>\n<meta property=\"article:modified_time\" content=\"2021-06-13T14:31:45+00:00\" \/>\n<meta name=\"twitter:card\" content=\"summary_large_image\" \/>\n<script type=\"application\/ld+json\" class=\"yoast-schema-graph\">{\"@context\":\"https:\/\/schema.org\",\"@graph\":[{\"@type\":\"WebPage\",\"@id\":\"https:\/\/baptistecaron.fr\/index.php\/cache-heritiers\/\",\"url\":\"https:\/\/baptistecaron.fr\/index.php\/cache-heritiers\/\",\"name\":\"Cach\u00e9 H\u00e9ritiers - Baptiste Caron\",\"isPartOf\":{\"@id\":\"https:\/\/baptistecaron.fr\/#website\"},\"datePublished\":\"2021-06-10T13:24:54+00:00\",\"dateModified\":\"2021-06-13T14:31:45+00:00\",\"breadcrumb\":{\"@id\":\"https:\/\/baptistecaron.fr\/index.php\/cache-heritiers\/#breadcrumb\"},\"inLanguage\":\"en-US\",\"potentialAction\":[{\"@type\":\"ReadAction\",\"target\":[\"https:\/\/baptistecaron.fr\/index.php\/cache-heritiers\/\"]}]},{\"@type\":\"BreadcrumbList\",\"@id\":\"https:\/\/baptistecaron.fr\/index.php\/cache-heritiers\/#breadcrumb\",\"itemListElement\":[{\"@type\":\"ListItem\",\"position\":1,\"name\":\"Accueil\",\"item\":\"https:\/\/baptistecaron.fr\/\"},{\"@type\":\"ListItem\",\"position\":2,\"name\":\"Cach\u00e9 H\u00e9ritiers\"}]},{\"@type\":\"WebSite\",\"@id\":\"https:\/\/baptistecaron.fr\/#website\",\"url\":\"https:\/\/baptistecaron.fr\/\",\"name\":\"Baptiste Caron\",\"description\":\"Sc\u00e9nariste\",\"potentialAction\":[{\"@type\":\"SearchAction\",\"target\":{\"@type\":\"EntryPoint\",\"urlTemplate\":\"https:\/\/baptistecaron.fr\/?s={search_term_string}\"},\"query-input\":{\"@type\":\"PropertyValueSpecification\",\"valueRequired\":true,\"valueName\":\"search_term_string\"}}],\"inLanguage\":\"en-US\"}]}<\/script>\n<!-- \/ Yoast SEO plugin. -->","yoast_head_json":{"title":"Cach\u00e9 H\u00e9ritiers - Baptiste Caron","robots":{"index":"index","follow":"follow","max-snippet":"max-snippet:-1","max-image-preview":"max-image-preview:large","max-video-preview":"max-video-preview:-1"},"canonical":"https:\/\/baptistecaron.fr\/index.php\/cache-heritiers\/","og_locale":"en_US","og_type":"article","og_title":"Cach\u00e9 H\u00e9ritiers - Baptiste Caron","og_description":"[et_pb_section fb_built=&#8221;1&#8243; _builder_version=&#8221;4.7.7&#8243; _module_preset=&#8221;default&#8221;][et_pb_row _builder_version=&#8221;4.7.7&#8243; _module_preset=&#8221;default&#8221; custom_margin=&#8221;3px|auto||auto||&#8221;][et_pb_column type=&#8221;4_4&#8243; _builder_version=&#8221;4.7.7&#8243; _module_preset=&#8221;default&#8221;][et_pb_text _builder_version=&#8221;4.7.7&#8243; _module_preset=&#8221;default&#8221; hover_enabled=&#8221;0&#8243; sticky_enabled=&#8221;0&#8243;] Je suis sinc\u00e8rement d\u00e9sol\u00e9, l&#8217;enterrement a d\u00e9j\u00e0 eu lieu ! Mais peut-\u00eatre que ce sont ses cons\u00e9quences qui vous int\u00e9ressent ? L&#8217;histoire de la succession du p\u00e8re No\u00ebl ?\u00a0Si c&#8217;est le cas, laissez-moi vous raconter l&#8217;aventure de Marie No\u00ebl et Jean-Balthazar, [&hellip;]","og_url":"https:\/\/baptistecaron.fr\/index.php\/cache-heritiers\/","og_site_name":"Baptiste Caron","article_modified_time":"2021-06-13T14:31:45+00:00","twitter_card":"summary_large_image","schema":{"@context":"https:\/\/schema.org","@graph":[{"@type":"WebPage","@id":"https:\/\/baptistecaron.fr\/index.php\/cache-heritiers\/","url":"https:\/\/baptistecaron.fr\/index.php\/cache-heritiers\/","name":"Cach\u00e9 H\u00e9ritiers - Baptiste Caron","isPartOf":{"@id":"https:\/\/baptistecaron.fr\/#website"},"datePublished":"2021-06-10T13:24:54+00:00","dateModified":"2021-06-13T14:31:45+00:00","breadcrumb":{"@id":"https:\/\/baptistecaron.fr\/index.php\/cache-heritiers\/#breadcrumb"},"inLanguage":"en-US","potentialAction":[{"@type":"ReadAction","target":["https:\/\/baptistecaron.fr\/index.php\/cache-heritiers\/"]}]},{"@type":"BreadcrumbList","@id":"https:\/\/baptistecaron.fr\/index.php\/cache-heritiers\/#breadcrumb","itemListElement":[{"@type":"ListItem","position":1,"name":"Accueil","item":"https:\/\/baptistecaron.fr\/"},{"@type":"ListItem","position":2,"name":"Cach\u00e9 H\u00e9ritiers"}]},{"@type":"WebSite","@id":"https:\/\/baptistecaron.fr\/#website","url":"https:\/\/baptistecaron.fr\/","name":"Baptiste Caron","description":"Sc\u00e9nariste","potentialAction":[{"@type":"SearchAction","target":{"@type":"EntryPoint","urlTemplate":"https:\/\/baptistecaron.fr\/?s={search_term_string}"},"query-input":{"@type":"PropertyValueSpecification","valueRequired":true,"valueName":"search_term_string"}}],"inLanguage":"en-US"}]}},"_links":{"self":[{"href":"https:\/\/baptistecaron.fr\/index.php\/wp-json\/wp\/v2\/pages\/244878","targetHints":{"allow":["GET"]}}],"collection":[{"href":"https:\/\/baptistecaron.fr\/index.php\/wp-json\/wp\/v2\/pages"}],"about":[{"href":"https:\/\/baptistecaron.fr\/index.php\/wp-json\/wp\/v2\/types\/page"}],"author":[{"embeddable":true,"href":"https:\/\/baptistecaron.fr\/index.php\/wp-json\/wp\/v2\/users\/1"}],"replies":[{"embeddable":true,"href":"https:\/\/baptistecaron.fr\/index.php\/wp-json\/wp\/v2\/comments?post=244878"}],"version-history":[{"count":8,"href":"https:\/\/baptistecaron.fr\/index.php\/wp-json\/wp\/v2\/pages\/244878\/revisions"}],"predecessor-version":[{"id":244904,"href":"https:\/\/baptistecaron.fr\/index.php\/wp-json\/wp\/v2\/pages\/244878\/revisions\/244904"}],"wp:attachment":[{"href":"https:\/\/baptistecaron.fr\/index.php\/wp-json\/wp\/v2\/media?parent=244878"}],"curies":[{"name":"wp","href":"https:\/\/api.w.org\/{rel}","templated":true}]}}

Caché Héritiers

<p>[et_pb_section fb_built=&#8221;1&#8243; _builder_version=&#8221;4.7.7&#8243; _module_preset=&#8221;default&#8221;][et_pb_row _builder_version=&#8221;4.7.7&#8243; _module_preset=&#8221;default&#8221; custom_margin=&#8221;3px|auto||auto||&#8221;][et_pb_column type=&#8221;4_4&#8243; _builder_version=&#8221;4.7.7&#8243; _module_preset=&#8221;default&#8221;][et_pb_text _builder_version=&#8221;4.7.7&#8243; _module_preset=&#8221;default&#8221; hover_enabled=&#8221;0&#8243; sticky_enabled=&#8221;0&#8243;]</p>
<p style="text-align: center;">Je suis sincèrement désolé, l&#8217;enterrement a déjà eu lieu ! Mais peut-être que ce sont ses conséquences qui vous intéressent ? L&#8217;histoire de la succession du père Noël ? <span style="font-size: 14px;">Si c&#8217;est le cas, laissez-moi vous raconter l&#8217;aventure de Marie Noël et Jean-Balthazar, </span><strong style="font-size: 14px;">les Héritiers de Noël</strong><span style="font-size: 14px;">. </span><span style="font-size: 14px;">Plongez dans une histoire </span><strong style="font-size: 14px;">Fantastique, </strong><span style="font-size: 14px;">qui (</span><span style="font-size: 14px;">pour vous donner du contexte sur sa longueur et sans aucune arrière-pensée) s&#8217;étendrait suffisamment pour donner un très chouette </span><strong style="font-size: 14px;">long-métrage d&#8217;animation </strong><span style="font-size: 14px;">! </span></p>
<p style="text-align: center;"><span style="font-size: 14px;">Si vous aimez Noël, le mélange de science et de magie et les combats aériens, apprenez en plus ici :</span></p>
<p style="text-align: center;"><span style="font-size: 14px;"><strong> <a href="https://baptistecaron.fr/index.php/les-heritiers-de-noel/">Les Héritiers de Noël</a></strong></span></p>
<p>[/et_pb_text][/et_pb_column][/et_pb_row][/et_pb_section]</p>

<p>[et_pb_section fb_built=&#8221;1&#8243; _builder_version=&#8221;4.7.7&#8243; _module_preset=&#8221;default&#8221;][et_pb_row _builder_version=&#8221;4.7.7&#8243; _module_preset=&#8221;default&#8221; custom_margin=&#8221;3px|auto||auto||&#8221;][et_pb_column type=&#8221;4_4&#8243; _builder_version=&#8221;4.7.7&#8243; _module_preset=&#8221;default&#8221;][et_pb_text _builder_version=&#8221;4.7.7&#8243; _module_preset=&#8221;default&#8221; hover_enabled=&#8221;0&#8243; sticky_enabled=&#8221;0&#8243;] Je suis sincèrement désolé, l&#8217;enterrement a déjà eu lieu ! Mais peut-être que ce sont ses conséquences qui vous intéressent ? L&#8217;histoire de la succession du père Noël ? Si c&#8217;est le cas, laissez-moi vous raconter l&#8217;aventure de Marie Noël et Jean-Balthazar, [&hellip;]</p>

<!-- This site is optimized with the Yoast SEO plugin v24.6 - https://yoast.com/wordpress/plugins/seo/ -->
<title>Caché Héritiers - Baptiste Caron</title>
<meta name="robots" content="index, follow, max-snippet:-1, max-image-preview:large, max-video-preview:-1" />
<link rel="canonical" href="https://baptistecaron.fr/index.php/cache-heritiers/" />
<meta property="og:locale" content="en_US" />
<meta property="og:type" content="article" />
<meta property="og:title" content="Caché Héritiers - Baptiste Caron" />
<meta property="og:description" content="[et_pb_section fb_built=&#8221;1&#8243; _builder_version=&#8221;4.7.7&#8243; _module_preset=&#8221;default&#8221;][et_pb_row _builder_version=&#8221;4.7.7&#8243; _module_preset=&#8221;default&#8221; custom_margin=&#8221;3px|auto||auto||&#8221;][et_pb_column type=&#8221;4_4&#8243; _builder_version=&#8221;4.7.7&#8243; _module_preset=&#8221;default&#8221;][et_pb_text _builder_version=&#8221;4.7.7&#8243; _module_preset=&#8221;default&#8221; hover_enabled=&#8221;0&#8243; sticky_enabled=&#8221;0&#8243;] Je suis sincèrement désolé, l&#8217;enterrement a déjà eu lieu ! Mais peut-être que ce sont ses conséquences qui vous intéressent ? L&#8217;histoire de la succession du père Noël ? Si c&#8217;est le cas, laissez-moi vous raconter l&#8217;aventure de Marie Noël et Jean-Balthazar, [&hellip;]" />
<meta property="og:url" content="https://baptistecaron.fr/index.php/cache-heritiers/" />
<meta property="og:site_name" content="Baptiste Caron" />
<meta property="article:modified_time" content="2021-06-13T14:31:45+00:00" />
<meta name="twitter:card" content="summary_large_image" />
<script type="application/ld+json" class="yoast-schema-graph">{"@context":"https://schema.org","@graph":[{"@type":"WebPage","@id":"https://baptistecaron.fr/index.php/cache-heritiers/","url":"https://baptistecaron.fr/index.php/cache-heritiers/","name":"Caché Héritiers - Baptiste Caron","isPartOf":{"@id":"https://baptistecaron.fr/#website"},"datePublished":"2021-06-10T13:24:54+00:00","dateModified":"2021-06-13T14:31:45+00:00","breadcrumb":{"@id":"https://baptistecaron.fr/index.php/cache-heritiers/#breadcrumb"},"inLanguage":"en-US","potentialAction":[{"@type":"ReadAction","target":["https://baptistecaron.fr/index.php/cache-heritiers/"]}]},{"@type":"BreadcrumbList","@id":"https://baptistecaron.fr/index.php/cache-heritiers/#breadcrumb","itemListElement":[{"@type":"ListItem","position":1,"name":"Accueil","item":"https://baptistecaron.fr/"},{"@type":"ListItem","position":2,"name":"Caché Héritiers"}]},{"@type":"WebSite","@id":"https://baptistecaron.fr/#website","url":"https://baptistecaron.fr/","name":"Baptiste Caron","description":"Scénariste","potentialAction":[{"@type":"SearchAction","target":{"@type":"EntryPoint","urlTemplate":"https://baptistecaron.fr/?s={search_term_string}"},"query-input":{"@type":"PropertyValueSpecification","valueRequired":true,"valueName":"search_term_string"}}],"inLanguage":"en-US"}]}</script>
<!-- / Yoast SEO plugin. -->

Caché Héritiers - Baptiste Caron

[et_pb_section fb_built=&#8221;1&#8243; _builder_version=&#8221;4.7.7&#8243; _module_preset=&#8221;default&#8221;][et_pb_row _builder_version=&#8221;4.7.7&#8243; _module_preset=&#8221;default&#8221; custom_margin=&#8221;3px|auto||auto||&#8221;][et_pb_column type=&#8221;4_4&#8243; _builder_version=&#8221;4.7.7&#8243; _module_preset=&#8221;default&#8221;][et_pb_text _builder_version=&#8221;4.7.7&#8243; _module_preset=&#8221;default&#8221; hover_enabled=&#8221;0&#8243; sticky_enabled=&#8221;0&#8243;] Je suis sincèrement désolé, l&#8217;enterrement a déjà eu lieu ! Mais peut-être que ce sont ses conséquences qui vous intéressent ? L&#8217;histoire de la succession du père Noël ? Si c&#8217;est le cas, laissez-moi vous raconter l&#8217;aventure de Marie Noël et Jean-Balthazar, [&hellip;]

Scénariste
